 5*j**3 + 10*j**2 - 15*j - 4. Let q = 84 + -79. Let i(c) = q*y(c) - 8*v(c). Determine i(5).
4
Let s(v) = v - 4 + 5 - 4. Let h be -2*1 + 1 - (-46 - 6). Let r = 47 - h. What is s(r)?
-7
Let h(d) = -3*d**3 + 618*d + 2*d**3 + 616*d + 0*d**3 - 1 + 4*d**2 - 1231*d. Give h(4).
11
Let l(p) = 3*p + 1. Let z be l(6). Suppose -2*q - z = -7. Let d(o) = o**2 - o - 3. Let m(u) = 2*u. Let v(j) = -d(j) - 4*m(j). Calculate v(q).
9
Let k(s) = 2*s**3 - s**2 + 1. Let f(t) = -2*t + 19. Let c = -50 - -60. Let h be f(c). Determine k(h).
-2
Let y(d) = d**3 - 2*d**2. Let h(u) = -u**3 - 26*u**2 - 2*u - 50. Let k be h(-26). Calculate y(k).
0
Let f(k) = -14*k + 5*k + 14*k - 8. Determine f(3).
7
Let b(x) = x**2 + 4*x + 3. Let s(d) = -2*d**2 + 3*d. Let g(r) = 2*r + 6. Let t be g(-2). Let k be s(t). Calculate b(k).
-1
Let i(x) be the first derivative of 5/6*x**3 + 1/12*x**4 - 5/2*x**2 - 10 + 5*x. Let a(s) be the first derivative of i(s). What is a(-5)?
-5
Let y(t) = -t**2 + 4*t + 1. Suppose 4*d - 37 = -5. Let f = -11 + d. Calculate y(f).
-20
Let t(j) = 6*j - 1. Let f be (-7 - 60/(-8))*4. Calculate t(f).
11
Let m(s) = -2*s**2 + 2*s - 7*s - 8 + 5. Suppose 5*q = 4*c - 31, 5 = q - c + 3*c. Determine m(q).
-6
Let b = -1151 + 1151. Let d(t) be the first derivative of t**3/3 - t**2/2 + t + 1. Determine d(b).
1
Let v(h) = 3*h + 3. Let l be v(-4). Let f be (-6)/9 - (-30)/l. Let x(g) = 2*g**2 - 5 - 4*g - 3*g**3 - 6*g**2 + 2*g**3 + 0*g. Give x(f).
11
Let s(m) = 193*m - 15*m**2 - 571*m + 189*m - m**3 + 205*m - 3. Determine s(-16).
-3
Suppose 2*p + 5 = -3*j, 1 + 1 = -4*j + 2*p. Let k be j/(-2) - (-2)/4. Let y(f) = 4*f**2 + 40*f - 17*f - 23*f - 1. Give y(k).
3
Let y(i) = -i**3 - 10*i**2 + 6*i - 7. Suppose -308 = 6*t + 22*t. What is y(t)?
48
Let h(k) = 3*k**2 - k + 1. Suppose 0 = -8*i + 3*i + 10. Let l(p) = -4*p - 5 + 15*p - 3*p**2 - 3 + 2*p**i. Let x be l(10). What is h(x)?
11
Let z(w) be the third derivative of 0*w + 1/60*w**5 + 0 + 2/3*w**3 + 37*w**2 - 5/12*w**4. What is z(9)?
-5
Let j = 117 + -112. Let g(u) = -2*u**2 + 5*u + 5. What is g(j)?
-20
Let h(x) = x**2 - 7*x - 13. Let b be h(8). Let w(i) be the first derivative of i**3/6 + i**2 + 3*i - 12. Let s(j) be the first derivative of w(j). What is s(b)?
-3
Let y(z) = 3 + 0 - z**2 + 2*z + 1. Let q be (33/55)/((-1)/(-5)). Give y(q).
1
Let a = 59 + 25. Let s(b) = 4 + 3*b**2 - a*b - b**3 - b**2 + 85*b. Determine s(3).
-2
Let p(g) be the third derivative of g**7/2520 + g**6/240 - g**4/3 + 3*g**2. Let n(i) be the second derivative of p(i). What is n(-5)?
10
Let b(f) be the first derivative of -f**2/2 + 2*f - 2564. Let u(r) = r**2 - 5*r - 8. Let h be u(6). Let j(l) = -3*l - 3. Let o be j(h). Give b(o).
-1
Let y(c) be the first derivative of -c**2 - 10*c - 484. Calculate y(-3).
-4
Let j be (-6)/(-33) + (-35)/11. Let x(u) = -4*u - 13 + 18 - 7 + 0*u. Determine x(j).
10
Let d(u) = -3*u**2 + 4*u - 4*u**2 - 198 - 5*u - u**3 + 205. What is d(-6)?
-23
Let v(p) = -3*p**2 + 3*p + 22. Let x(f) = -2*f**2 + 2*f + 15. Let a(w) = 5*v(w) - 7*x(w). Calculate a(0).
5
Let f(c) = 3*c + 16. Suppose 45*m - 66*m = 147. Determine f(m).
-5
Let h be (-4)/(-14) + (-111)/21. Let l(b) = b**3 + 6*b**2 + 4*b - 5. Let u be l(h). Let k(m) = 5*m - 6*m**2 + m**3 + 0 + 1 + u. Give k(5).
1
Let b(y) = -6*y**3 - y**2 - 3*y - 2. Let z(x) = x + 3. Let f be z(-4). Let o be b(f). Let s(r) = -r**3 + 6*r**2 + 3. Determine s(o).
3
Let x(v) be the second derivative of -v**8/6720 - v**7/1260 - v**6/720 - 4*v**4/3 - 5*v. Let z(d) be the third derivative of x(d). Give z(-1).
0
Let k(i) be the third derivative of i**9/5040 - i**6/720 - 13*i**5/60 + 4*i**2. Let h(y) be the third derivative of k(y). Determine h(1).
11
Let i(y) = 2*y**2 - 12*y - 7. Suppose -5*f + 3*f = -b - 8, 4*f = b + 20. What is i(f)?
-7
Let o(j) = -j**3 - 3*j**2 + 3*j + 2. Let b be (-8)/(-40) - 238/(-10). Let v = -20 + b. Suppose -n = n + v. Give o(n).
-8
Let h(m) be the third derivative of -m**4/8 - 5*m**3/2 - 30*m**2 + m. Give h(-15).
30
Suppose 5*a + 3*y = -12 + 3, 3 = -y. Let r(k) = 3*k**2 - 387*k + 7 - 2*k**2 + 387*k. Calculate r(a).
7
Let u(p) = -3*p**2 + 3*p. Let r(y) = y**3 - 2*y**2 - 20*y - 22. Let i be r(6). Determine u(i).
-6
Let p(r) be the second derivative of r**6/720 - r**5/120 + 5*r**4/6 + 5*r. Let n(o) be the third derivative of p(o). Give n(7).
6
Suppose 0 = -5*c - 31 - 44. Let z = c + 24. Suppose -12*y + z*y = 15. Let l(k) = -k**2 - 4*k + 3. What is l(y)?
-2
Let c(p) = p - 16. Let g be c(12). Let s(r) = -5*r**2 + 2*r - 3. Let k(f) = 6*f**2 - f + 3. Let w(i) = g*k(i) - 5*s(i). Give w(5).
-2
Suppose 2*n + 2 = 4*r, -28*r = -30*r + 4. Let m(k) be the third derivative of 0*k - 7*k**2 + 0*k**4 + k**n - 1/60*k**5 + 0. Determine m(0).
6
Let g(v) = v**2 - 2. Let q = 106 + -85. Suppose z = 23 - q. Determine g(z).
2
Suppose 4*m + 35 = 23. Let a(z) = -6*z - 4. Determine a(m).
14
Let v(o) = 2*o - 1. Let s be 4*(-11)/(-88)*(-4)/(-1). Determine v(s).
3
Let m(o) = -11*o**2 + 16*o + 10. Let s(z) = -11*z**2 + 13*z + 8. Let y(p) = -4*m(p) + 5*s(p). Let g be ((-1)/3)/(1/3). What is y(g)?
-12
Let n be (2 - (-6 - -3))*2. Let b = -4 - n. Let r = b + 17. Let l(z) = -2*z - 4. What is l(r)?
-10
Suppose -5*y + 0*y = 2*h + 7, -2*h - 4*y = 6. Let a = 7 + -2. Let s(z) = z + a*z**3 - 2*z + 2*z + 4*z**3. Calculate s(h).
-10
Let c(g) = 39*g + 241. Let b be c(-6). Let z(y) be the third derivative of 1/120*y**6 - 1/4*y**4 + 0 - 1/2*y**3 - b*y**2 + 1/12*y**5 + 0*y. Determine z(-6).
-3
Let p(q) = -2*q**2 + 4*q - 3. Let c(r) = -r**3 + 5*r**2 + 3*r - 7. Let h be c(5). Let w be (-24)/(-9) - 2 - h/(-6). Calculate p(w).
-3
Let u(h) = 13 - 3*h - 17 + h. Calculate u(-2).
0
Let d be 4/16*18*(-4)/(-9). Let x(t) = 7*t**d - 5*t + 3*t**2 - 12*t**2 + 3*t + 2 + t**3. Determine x(-2).
-10
Let g(k) = -k**2 + 43*k + 1 + 38*k + 42*k - 128*k. Determine g(-11).
-65
Let j(q) be the first derivative of -q**3/3 + 5*q**2/2 + q - 94. What is j(4)?
5
Let i(r) be the third derivative of -5*r**2 + 0*r - 1/120*r**6 + 0 + 0*r**3 + 1/60*r**5 + 1/24*r**4. Let v be (-2)/10 + (-6)/(-5). Determine i(v).
1
Let q(h) = -h**2 - 5*h - 1. Suppose 4*u + 4*y - 36 = 0, 2*u - 13 - 13 = 2*y. Let d = u - 6. Suppose -4*n + 5*t - 17 = 2*t, -d*n - 3*t = 28. What is q(n)?
-1
Let z(i) = -i + 13. Let c be z(7). Let y be 8/(-3)*c/4. Let v(m) = 5*m - 15. Let l(a) = -2*a + 5. Let n(j) = 11*l(j) + 4*v(j). Calculate n(y).
3
Let r(v) = -v**3 - 11*v**2 - 11*v - 10. Let k be r(-10). Let o(t) = 7*t - t**2 + 5 - 2*t**2 + k*t**2 + 4*t**2. What is o(-6)?
-1
Let z(a) = -6*a + 3. Let h(w) = -13*w + 5. Let f(n) = -4*h(n) + 9*z(n). Let l be 2/(30/69) - (-10)/25. Suppose t + 4*j - 1 = -7, 4*j + 42 = l*t. What is f(t)?
-5
Let z(w) = w**3 - 3*w**2 + 4*w - 3. Let n be ((-3)/2)/((-3)/6). Determine z(n).
9
Let j(y) = 4*y + 1. Let f(l) = 1 + 19*l - 25*l + 10*l. Let r(a) = -6*f(a) + 5*j(a). Calculate r(-2).
7
Let h be -6*1 + (-12)/(-3). Let u(s) = -11*s + 6*s - 2 + 5*s - 12*s. Give u(h).
22
Let o(y) be the third derivative of -y**5/60 + 2*y**4/3 + 2*y**3/3 - 27*y**2 + 3*y. Give o(16).
4
Let g(h) = 5*h**3 - 6*h**2 - 5*h + 3. Let x(r) = 27*r**3 - 31*r**2 - 26*r + 15. Let p(s) = -11*g(s) + 2*x(s). What is p(4)?
9
Let o(r) = -3*r + 1. Let g(a) = 11*a + 1. Let c(d) = g(d) + 4*o(d). Give c(7).
-2
Let q(t) = t - 7. Let p = 65 + -46. Suppose -p*y + 25 = -14*y. What is q(y)?
-2
Let g(j) = -2*j + 2*j**2 - 4*j**2 + 0*j**2 - 1. Suppose 1 + 7 = 2*t. Suppose 3*i + i - 8 = 0, -t*i = -3*f - 11. Give g(f).
-1
Suppose -4*p - 2 = -3*p. Let h be (-16 - -12) + p/(-1). Let d(j) = 5*j**2 - 11*j + 1. Let t(a) = -a**2 + 3*a. Let f(g) = -2*d(g) - 9*t(g). Calculate f(h).
4
Let o(c) = 2*c + 20. Let f be o(-7). Let l(h) = -11 - 10 - 18 + 41 + 6*h**2 - h**3. Calculate l(f).
2
Let j(s) = s**2 + s - 5. Let h be j(-4). Suppose -2*x + x = -h. Suppose x*d = d. Let q(v) = -v**3 + v**2 + v + 7. Determine q(d).
7
Let i(b) = 2*b**2 + 3*b + 3. Let p(n) = 204*n**2 - 99*n**2 + 0*n - 106*n**2 - 3 + 9*n. Let u be p(9). Determine i(u).
12
Suppose -2*w = -6, -w = 2*l - 2*w - 1. Suppose 4*q - 4*y = -12, -3*q + l*q - 23 = -5*y. Let r(c) = -1 + 3 + c**2 - 2*c**2 + 0*c**3 + 2*c**3 - c. Give r(q).
12
Let j(y) = -y**3 - 6*y**2 + 3*y + 1. Let i(l) = -11*l - 117. Let p be i(-10). Determine j(p).
29
Suppose 9 - 1 = 2*g. Let h(z) be the third derivative of -31*z**2 +